) a composite number?
False
Let d = 116 + -20. Suppose 3*b - d + 27 = 0. Is b composite?
False
Let s(u) = 5*u + 15. Let f be s(-6). Let y be f/(-3) + 2 - 1. Suppose 9*i - 717 = y*i. Is i a composite number?
False
Let l = 36 + -29. Suppose v = 2*n - 243, -4*n - l*v = -3*v - 504. Is n a prime number?
False
Let p be (4 + -1)*8/(-3). Is (p + 5)*719/(-3) prime?
True
Let t(y) = -y**2 + 11*y - 6. Let v be t(4). Suppose v*p = 17*p + 2645. Suppose 3*n + 5*i = 746, n - 3*i - p = -n. Is n composite?
False
Suppose -24 = 2*g + 2*g. Let o = -2 - g. Let z = 27 + o. Is z a prime number?
True
Let y be (-3)/(-12) - (-201)/(-4). Let g = y + 459. Suppose 5*k - 4*r = 775, 3*k = -2*r + g + 78. Is k prime?
False
Suppose -31*y + 22*y + 252171 = 0. Is y a composite number?
False
Let t = 220 - -325. Let s = 2512 - t. Is s a composite number?
True
Let n(x) = -2*x**3 - 7*x**2 + 7*x - 37. Let v(l) = -l**3 - 4*l**2 + 4*l - 18. Let o(f) = 3*n(f) - 5*v(f). Is o(-8) composite?
False
Let s = -10 + 10. Suppose j - 490 - 289 = s. Is j a prime number?
False
Let p be (-18)/(-10) - 13/(-65). Suppose -3*n = -p*n - 43. Is n composite?
False
Suppose -104 = -0*t - 13*t. Is (2 + (-2742)/t)/((-1)/4) a composite number?
True
Let w = 49 - 43. Is (1628/6)/(w/9) prime?
False
Suppose -w - 20 = -5*w. Suppose 3*t = w*t - 1238. Suppose -2*h - h + 464 = j, -4*h - j + t = 0. Is h composite?
True
Suppose -3*v + 2 = -4. Let c(o) = v*o**2 + 12*o**3 - 2*o**2 - 3*o + 4*o. Is c(1) composite?
False
Let r = -19 - -19. Suppose -5*l - 4*v = 1782, v + 1065 = -3*l - r*v. Let n = l + 799. Is n prime?
False
Suppose 16*q = 19*q. Suppose q = 3*b + f - 488, b - 2*f + 171 = 2*b. Is b prime?
False
Let v(g) = 759*g + 3. Let l = 42 - 38. Is v(l) a composite number?
True
Let a = -730 - -504. Suppose 2 = -r - 39. Let l = r - a. Is l a composite number?
True
Suppose 3*p = -2*p + 5. Suppose 0 = 3*v - p - 11. Suppose -2*i = -56 + v. Is i a composite number?
True
Is (-12)/10*(22646/(-4) - 6) prime?
False
Let g = 514 - 193. Is g a composite number?
True
Let s = 11 + -7. Suppose -5*h + 772 + 553 = 5*i, s*h = 0. Suppose -3*v + i = -308. Is v composite?
False
Suppose 59*l - 5*w - 4250 = 54*l, 0 = -l - 5*w + 868. Is l a prime number?
True
Suppose 244 = -2*k - 266. Let y = k + 62. Is y/(-5) - 20/(-50) a composite number?
True
Let h(w) = 3*w - 3. Let i be h(4). Let f(d) = -39*d + 10. Let c(g) = 18*g - 5. Let s(k) = -7*c(k) - 4*f(k). Is s(i) composite?
True
Suppose 5*n = 3*n + 794. Suppose 3*x = 2*x + n. Is x composite?
False
Suppose 3*u - 33156 - 5277 = 0. Is u prime?
False
Let h be (-6105)/(-6) - (-6)/(-12). Let r = -358 + h. Is r composite?
False
Let o be -3 + (2028 + 0 - (-6)/2). Let c = o - 1117. Is c composite?
False
Let a(y) = -3*y - 21. Let n be a(-7). Suppose -j - 25 - 140 = n. Let z = j + 434. Is z a composite number?
False
Suppose 9*i - 8*i - 784 = 3*u, -3937 = -5*i - 2*u. Is i prime?
True
Is (-20)/70 - 1728975/(-35) a composite number?
True
Let b be -1 - 3 - 0/(-1). Is (-2)/b*(10 + 504) a composite number?
False
Suppose 9*i - 11*i + 2520 = 0. Suppose 3*o = 3*g - i, g - 5*o = 394 + 30. Is g a composite number?
False
Suppose 7*r + 4 + 10 = 0. Let c be r/18 - (-552)/108. Suppose -807 = 2*p - c*p. Is p composite?
False
Let s be 7 - (-1)/(3/(-9)). Suppose s*u - 1355 = 105. Suppose -u = -6*h + 169. Is h composite?
False
Let v = -10 + 11. Suppose v = 3*y + k - 3, y = 2*k - 8. Suppose -95 = -y*f - f + 4*g, -3*f - 2*g = -257. Is f prime?
False
Let a(h) = -h + 5. Let i be a(-5). Is 3825 - (i + 2)/(-3) a prime number?
False
Let g be 14/70 - (-716)/(-5). Let u = 384 - g. Is u prime?
False
Let j(p) = -p**2 - 5*p - 2. Let v be j(-4). Suppose -4*y - 16 = -5*o - 0, -8 = -4*o + v*y. Suppose o = 11*d - 7*d - 1516. Is d a prime number?
True
Let g = 28 + 22. Let w = 1101 + g. Is w a prime number?
True
Suppose 5*w - 91 + 276 = 0. Let h = 52 - w. Is h composite?
False
Let y be ((-10686)/(-9))/((-2)/(-9)). Suppose 0*n + 2669 = 2*t - n, 4*t = 3*n + y. Suppose -t - 656 = -4*u. Is u a prime number?
False
Let v(w) = 2*w**3 - 8*w**2 - 13*w + 11. Let x be 2 - (-1 + -23)/4. Is v(x) a composite number?
False
Let a be 4/(-1 + (-5465)/(-5470)). Let g = -2719 - a. Is g a composite number?
False
Let c = -11 - -16. Suppose c*r + 758 = 5*b + 3*r, 5*r - 580 = -4*b. Suppose -3*x = h - 73, b = 2*h - 0*h + 4*x. Is h prime?
True
Is 3327*(3 - (2 - (-4)/(-6))) prime?
False
Suppose -4*w + 6 + 6 = 0. Suppose 4*v - 883 = 2*q - 3*q, w*q = -2*v + 2659. Is q a prime number?
True
Let g be (12/105 + (-6)/(-21))*5. Suppose g*m = 19*m - 71417. Is m prime?
True
Let v = -33 - -36. Let q(u) = 8*u**2 + 5*u - 2. Is q(v) a prime number?
False
Suppose 4*k = 6009 + 23795. Is k composite?
False
Suppose 4*l - 26 - 26 = 0. Let w = l + 30. Is w a prime number?
True
Let j(t) = 2*t**2 + 20*t - 47. Is j(-19) prime?
False
Suppose 2*x - 1 = 21. Is 3*267 + (x - 15) a composite number?
False
Is -58 - -70 - (-14886 + -3) composite?
True
Let s(a) = a**3 - 8*a**2 - 9*a - 14. Let x be s(14). Let t = x + 2137. Is t composite?
True
Let r be (0 - (3 + -2)) + 4. Suppose -6*m + 2871 - 639 = 0. Suppose r*d = -5*j + 590 - 19, -2*d + j = -m. Is d a prime number?
False
Let f = 25 - 21. Suppose 2*s - 5*j + 829 = s, 2*s - f*j + 1628 = 0. Is (s/(-24))/((-1)/(-2)) composite?
False
Let d = 5203 - 2966. Is d a prime number?
True
Suppose -24501 - 71675 = -8*b. Is b prime?
False
Suppose 0 = c + 2*c - 2*j - 11, -4*c + 8 = 4*j. Suppose -6*v = -v - 5*l - 180, 3*l = c. Is v a composite number?
False
Let c(a) = -2776*a - 71. Is c(-10) a prime number?
True
Suppose -3*q = -5*w + 101, q + 4*q = -4*w + 103. Suppose b = 4*a - 0*b - 1, -3*b = 2*a - 11. Let s = w + a. Is s a composite number?
False
Let n = 7785 - 2746. Is n composite?
False
Is 8 + -4 - (1 - 75174)/7 a composite number?
True
Let f be 0 - (-7)/((-28)/(-8)). Suppose f*q + 67 = 191. Is q/2*(-2 + 5) prime?
False
Let j be ((-3040)/4 - 3) + 1. Is 3/6 + j/(-4) a prime number?
True
Suppose 0 = -40*x + 244936 + 64704. Is x a prime number?
True
Let g(q) = -6*q + 1. Let u be g(-11). Suppose -2*o + u = -179. Is o a composite number?
True
Let b = -74 + 188. Is b/2 + 4/(-2) a prime number?
False
Suppose 2*a = 85 + 39. Let g = 167 - a. Let r = g + 10. Is r a composite number?
True
Is (8 - -15430)/6 - -8 composite?
True
Let s = 26907 + -17878. Is s prime?
True
Suppose 122*w = 4*j + 120*w - 12648, 2*j - 5*w - 6332 = 0. Is j composite?
True
Suppose -t - 2*t - a = -25260, -9 = -3*a. Is t a prime number?
True
Let r(u) = -4*u**3 - 41*u**2 + 53*u - 35. Is r(-25) a prime number?
False
Let n(r) = r**3 - 8*r**2 + r - 3. Let c be n(8). Let i(b) = 3*b**3 - 4*b**2 - 5*b - 6. Let m be i(c). Suppose 0 = -4*t + m + 744. Is t composite?
True
Suppose 3*p - 23 = -1775. Let k = p - -1307. Is k composite?
True
Let j(q) = q**2 - 7*q - 9. Let a be j(8). Let y be -2 + (-6 + -2)*a. Suppose 2*v - y*v = -764. Is v prime?
True
Suppose -7 = 5*d + 83. Let q = 49 - d. Is q prime?
True
Suppose 3*d = 2*i + i + 7359, 0 = d + 4*i - 2453. Is d a prime number?
False
Suppose -206 = -4*f + 338. Suppose -2*z = 8, 4*z + 133 = 2*u + u. Suppose -n + f = u. Is n a composite number?
False
Suppose z + z = 0. Suppose -2*n - 3*u = -847, z*n = 3*n - 2*u - 1303. Is n composite?
False
Suppose -3*s + 1482 - 3 = 0. Is s prime?
False
Suppose -4*r - 5*u + 21 = -23, r - 4 = -3*u. Suppose -r = -3*s + 4*z, 0*z = s - 3*z - 12. Suppose -4*d - a + 270 = 0, 2*a = -s*a + 4. Is d prime?
True
Suppose 0 = 2*m - 12514 - 25018. Suppose -2*v - 9*v = -m. Is v composite?
True
Let u(j) = 3*j**3 + j - 1. Let y be u(1). Let m be ((-24)/20)/(y/15). Is (87/(-2))/(3/m) composite?
True
Let i(g) = 60*g**2 + 241*g + 36. Is i(-25) a composite number?
False
Let x(d) = -46*d - 471. Is x(-29) a prime number?
True
Suppose -d + 4*x = 6, 0*d - 3*x = -3*d. Let z be (-5)/d*12/(-10). Suppose z*p = 75 + 702. Is p composite?
True
Let c = -1535 + 3469. Is c a prime number?
False
Let o(h) = 5*h**2 + 5*h + 7. Let v(k) = 2*k + 0*k - k - 1 - 2*k. Let l be v(5). Is o(l) a composite number?
False
Suppose -3*k = -t - 16503, -7*t - 16503 = -3*k - 2*t. Is k prime?
True
Let q be ((-2)/(-4))/(6/108). Let h = q - 7. Is 586*(-1)/(-4)*h a composite number?
False
Let z be 31 + (-1 - -2) + 1. Let k be z/55 + (-1226)/10. Let l = k - -343. Is l a composite number?
True
Suppose